- 3*w**2 + 3*w**2. Let g(q) = 4*q + 13. Let x be g(-4). Give d(x).
7
Let o(d) be the second derivative of 6*d - 5/2*d**2 + 0. Let z(a) = -a - 4. Let b(q) = 2*o(q) - 3*z(q). What is b(-2)?
-4
Let g(s) = s**3 - 2*s**2 + s. Let n(h) = -4*h - 24. Let o be n(-6). Suppose 0*r - 4*r + 2*i - 4 = o, -i + 7 = 3*r. Give g(r).
0
Let w = -4 + 4. Suppose 6*g - g - 44 = -n, g + n - 12 = w. Let q(k) = -k**2 + 8*k + 5. Determine q(g).
5
Let q(j) be the second derivative of -j**4/12 + j**3/3 + 3*j**2 - 397*j. What is q(4)?
-2
Let t(c) be the first derivative of -c**3 + 23*c**2/2 + 2*c - 371. What is t(8)?
-6
Let w(k) be the first derivative of k**4/3 - k**3/6 - 6*k**2 - 13. Let d(l) be the second derivative of w(l). Let o be (-22)/(-33) + 2/6. Give d(o).
7
Let h(v) = 2*v + 8. Let r = 71 - 170. Let z be r/15 + (-21)/(-35). Determine h(z).
-4
Let m(h) = -5 - 4*h**2 - 34*h + 59*h + 2*h**2 - 33*h. Determine m(-5).
-15
Let y = -1727 + 1720. Let h(w) = w**2 + 2*w - 5. Calculate h(y).
30
Let q(a) = -8*a**3 + 4*a**2 - 5*a - 3. Let u(j) = -7*j**3 + 4*j**2 - 4*j - 2. Let x(f) = 6*q(f) - 7*u(f). Calculate x(5).
11
Let v(x) = -x**3 + 2*x**2 + 4*x - 3. Let n be -3 + 2 + (1 - 2). Let h be (n + -3)*(-6)/10. Let m be (15/(-10))/(h/(-6)). Calculate v(m).
0
Suppose 0 = -3*h + 6*h - 2*o - 7, -2*o - 2 = -2*h. Suppose 2*t + 35 = -h*t. Let s(y) = -y**3 - 5*y**2 - y + 7. Determine s(t).
12
Let b(t) = -t + 12. Let k = -33 + 22. Let i be (k + 13)*(0 + (-5)/(-1)). What is b(i)?
2
Let j(m) = -4*m + 2. Suppose 0 = 5*r + 2*v - 33, -9 - 2 = -3*r + v. What is j(r)?
-18
Let c(k) = 3*k - 3. Suppose 2*r - 12 = -0*r. Suppose 2*a = -3*u + 2, -3*a + r = 5*u + 2. Suppose 6 = 4*f - u. What is c(f)?
3
Suppose -5*c = -c + 4, -c = 5*l - 19. Let m(b) = b - 5. Let r be m(11). Let w(d) = r - 3 - d - 2 + 3. Determine w(l).
0
Let h = -137 + 142. Let b(c) = c**3 - 3*c**2 - 10*c - 2. Determine b(h).
-2
Let w(m) be the second derivative of 5*m**3/6 + 11*m**2/2 - 689*m. Give w(7).
46
Let h(k) = -k**3 - 9*k**2 - 4. Let u(o) = -13*o + 14. Let q(f) = 12*f - 15. Let b(y) = -4*q(y) - 3*u(y). Let a be b(3). Determine h(a).
-4
Let o(a) = -1. Let n(q) = 6*q**3 - q**2. Let z(j) = n(j) + o(j). Give z(2).
43
Let p(l) = -2*l**2 + 9*l + 3. Let w be (-1)/((-3)/3)*-5. Let g(x) = x**2 - 4*x - 2. Let h = 25 + -28. Let v(b) = h*p(b) + w*g(b). Give v(7).
1
Let w(t) = t + 4. Let q(h) = -h - 5. Let d(m) = 4*q(m) + 5*w(m). Suppose 0 = 4*x - 2*y + 5*y - 16, -3*x + 12 = -2*y. Suppose -x*p = -7 + 3. Give d(p).
1
Let p(y) = y**2 - 6*y - 5. Suppose -2*v + 20 = -4. Suppose -14*d = -16*d + v. Determine p(d).
-5
Let n(r) = -14*r - 26*r + 32*r - 12*r. Give n(1).
-20
Let n(j) = -j**2 - 8*j - 3. Suppose 7 - 11 = -4*h. Let w be h - 20/(6 + -4). Determine n(w).
-12
Let c(l) = -5*l - 16. Let v(t) = 11*t + 33. Let q(h) = -13*c(h) - 6*v(h). Let m be 0*3*4/24. Give q(m).
10
Let w(k) = k**3 - 6*k**2 + 5*k + 5. Let m = 1 + 5. Suppose b = -3*h - 2 + m, 7 = 3*b + 4*h. Let u = b - -4. Calculate w(u).
5
Let l(w) = 4*w**2 - 4*w + 2. Let u = 97 + -94. Calculate l(u).
26
Let p(d) = 2*d**3 + 12*d**2 + d. Let g be p(-6). Let i(f) = f. What is i(g)?
-6
Let i be (-3)/(3/(-16)) + (-11 - -11). Let j(d) = d + 21*d**3 + 24*d**3 - i*d**3. Calculate j(-1).
-30
Let q(c) be the first derivative of c**2/2 - 36*c - 157. What is q(16)?
-20
Let n(c) = 2*c**2 + 6*c + 6. Let f(r) = 2*r**3 + 135*r**2 + 67*r - 4. Let h be f(-67). Calculate n(h).
14
Let t be (-15 + 6)/(0 + -1). Suppose -5*r + t*r - 52 = 0. Let m = r - 8. Let i(c) = -c**2 + 5*c + 4. Give i(m).
4
Suppose -164 = 8*i + 148. Let g = -30 - i. Let r(o) = -o + 7. What is r(g)?
-2
Suppose -2*i - 5 = -9. Let q(z) = 2 - 57*z**i + 118*z**2 - 60*z**2 - 6*z. Calculate q(5).
-3
Let u(g) = -7*g + 2. Let f be 7/((-14)/(-4))*1 - 0. Determine u(f).
-12
Let m(k) = -k**3 + 9*k**2 - 4*k - 2. Let v(g) = g**2 - g - 1. Suppose -21 = 4*i - 5*t, 2*i + 2*t + 4 = -2. Let d(p) = i*v(p) + m(p). Determine d(5).
2
Let c(q) = q**3 - 5*q**2 + 7*q - 6. Suppose p = -2*p + 18. Suppose -p*o + 10*o = 24. Let z = -2 + o. What is c(z)?
6
Let u(w) = -3*w - 2. Suppose -4*g + 215 = 7. Let p be (-160)/(-26) + (-8)/g. Give u(p).
-20
Let o(b) = -2 - 3*b**2 + 3 + 6*b**2 + 0*b**2 + b. Let r(t) = 3*t + 22. Let q be r(0). Suppose 2 = q*j - 21*j. Calculate o(j).
15
Let g(x) = 4*x**2 - 25103*x + 25103*x. Suppose y + 2*r + 3 + 0 = 0, -4*r = -4*y + 12. Give g(y).
4
Let b(g) = 7*g - 4. Let n = -151 - -153. Give b(n).
10
Let r(v) = -v**2 + 6*v - 3. Suppose -3*n = -12*n - 189. Let b be (-3)/4*140/n. Give r(b).
2
Suppose 4*p + 20*v - 12 = 18*v, -5*p - 5*v = -5. Let d(t) = 4*t**2 - 21*t + 1. Give d(p).
-4
Suppose -4*s + 10 = -6. Suppose -s*d + 10 + 18 = 0. Let h(r) = r**2 - 6*r + 5. Determine h(d).
12
Let t be (-87)/29 - (1 - 0)/(-1). Let k(d) = 2*d + 1 - d**2 + 2 + d**3 + 3*d**2. Give k(t).
-1
Let y(j) = -15*j**3 + 27*j**2 + 25*j + 96. Let b(s) = -7*s**3 + 14*s**2 + 13*s + 48. Let q(p) = -13*b(p) + 6*y(p). Give q(21).
-6
Let h(y) = -30*y + 12. Let j(b) = -70*b + 24. Let t(l) = 5*h(l) - 2*j(l). Determine t(5).
-38
Let q = 5 - 0. Suppose y + 5*a = 18, 0*a = -q*y + 4*a + 61. Let k(x) = -22*x + 40*x - y*x + 1 + x**2. Calculate k(-4).
-3
Let u(n) be the third derivative of -n**4/8 - n**3/2 + n**2. Suppose 3*c = -5*v + 16, -2*c + 6*c = -3*v + 3. Calculate u(c).
6
Let o(n) be the first derivative of -n**4/4 + n**3 + 2*n**2 + 2*n + 134. Calculate o(4).
2
Let l(r) = 6 + 0 - 10*r**2 - 8*r - r**3 - 2. Let u be (275 + -274)*(-10 - -1). Give l(u).
-5
Let q(z) be the second derivative of z**3/3 - 5*z**2/2 + 2*z. Let n(a) = a**2 - 7*a + 7. Let r be n(6). Let c be 8 - r - (-13 - -16). Give q(c).
3
Suppose -13 = 2*r + 9. Let u(h) = -h**3 - 10*h**2 + 14*h. Calculate u(r).
-33
Let q(z) = -z**2 + 11*z - 14. Let p be (-84 + 86)/(-1 - (-6)/5). Calculate q(p).
-4
Let s(k) = k**2 - 2*k + 6. Suppose -5*d + 308 - 298 = 0. Determine s(d).
6
Let i(x) = x**3 + 5*x**2 - 2*x + 2. Let u(z) = -z**2 - 11*z + 21. Let s be u(-13). Calculate i(s).
12
Suppose 7*r - 60 = -11. Let x(m) = 2 - r + 9 - 2*m. Calculate x(-4).
12
Let s(p) be the first derivative of p**2/2 - 2*p - 125. Calculate s(12).
10
Suppose 22*l = 18*l + 28. Let f(x) = -x. Give f(l).
-7
Let m(a) = a**3 - 5*a**2 - 8*a - 5. Let t be m(7). Let s = 46 - t. Let u be 48/s - 2/6. Let y(r) = r**3 - 6*r**2 + 5*r + 4. What is y(u)?
4
Let q = -18 + 16. Let a be ((-1 - -1) + q)*5/2. Let h(y) = -y**3 + y. Let r(b) = -5*b**3 + 4*b**2 - 2*b - 7. Let f(c) = -6*h(c) + r(c). Determine f(a).
8
Let s(l) be the third derivative of l**6/120 - l**5/10 + 5*l**4/24 - 35*l**3/6 + l**2 - 61*l. Give s(6).
-5
Let n = 18 - 13. Let b(x) be the first derivative of n + 9*x + x**2 - 2*x - 4*x. Calculate b(-3).
-3
Let v(x) be the first derivative of 6*x**2 - 2*x + 108. Determine v(1).
10
Let c be ((-9)/21)/((-9)/126). Let m be (-1)/(-4) + 2/(-8). Let v be 18/c - (m + 8). Let h(n) = n**2 + 3*n - 2. Give h(v).
8
Let j(d) = -d**2 + 3. Let y be 12/14 - 285/(-133). What is j(y)?
-6
Let l(t) be the third derivative of -t**6/120 + 7*t**5/30 + 13*t**4/24 + 31*t**3/6 + 59*t**2. Determine l(15).
1
Let c be 3*121/(-55) - 6/(-10). Let l(x) = 2*x + 2. Give l(c).
-10
Suppose 4*z - 18 = -2*o, -2*o + 162*z + 2 = 158*z. Let k(d) be the second derivative of -d**3/6 - d**2/2 - d. Determine k(o).
-6
Let u be 20/(-35) + 6/(-14). Let d(m) = -2*m**3. What is d(u)?
2
Let w be 88/5 + 2/5. Suppose -2*q = q + w. Let z(m) be the second derivative of m**3/3 + 7*m**2/2 - 2*m - 119. Determine z(q).
-5
Let k(i) = -159*i - 108 + 104 + 161*i. Suppose 5*g - 9 = 2*g. Determine k(g).
2
Let a(b) = b - 6. Let t be 15 - (0 + 3 + -6). Suppose -31*z + 28*z + t = 0. Calculate a(z).
0
Let x = -104 + -112. Let q = 217 + x. Let g(m) be the third derivative of -m**6/120 + m**5/60 + m**4/24 - m**3/6 + m**2. Determine g(q).
0
Suppose -i - 2 = u, 5*u + 16 = 3*i - 18. Let v(q) = q**2 + q + 1. Let t(n) = -2 - 5 - 4*n**2 - 4. Let y(g) = t(g) + 5*v(g). Determine y(u).
-6
Suppose 0 = -7*p - 5 + 117. Suppose 70 = 6*n - p*n. Let h(y) = 2*y + 1. What is h(n)?
-13
Let t(c) = -1 + 0*c - 2*c - 2. Suppose -7*r - 32*r = 156. Calculate t(r).
5
Let b(i) = 2*i + 5. Let n(v) = 5 - 3*v**2 + 4*v - 2*v**3 - 2 + 3*v**2. Let p be n(-2). Let h = 5 - p. Give b(h).
-7
Let s(b) = -b**2 - 3*b + 2. Let x = -67 + 57. Let o be (x/(-5) - 3) + -4. Calcul